ue
Is 5562533 prime?
False
Is 1612103 prime?
False
Is 5096113 prime?
False
Is 1333393 a prime number?
True
Is 35951 a prime number?
True
Is 172373741 a prime number?
True
Is 38162123 composite?
False
Is 253081 prime?
True
Is 249637 prime?
False
Is 55093109 a composite number?
False
Is 8751079 prime?
True
Is 59471333 prime?
True
Is 4055413 composite?
True
Is 89042389 a prime number?
True
Is 138711943 a prime number?
True
Is 148791515 composite?
True
Is 82215839 a composite number?
False
Is 36655477 a composite number?
True
Is 2536817 a composite number?
True
Is 382857749 prime?
True
Is 5188909 a prime number?
False
Is 105247787 a prime number?
True
Is 634759841 prime?
False
Is 155272349 a prime number?
False
Is 18360857 prime?
False
Is 33888763 a composite number?
False
Is 46531087 a prime number?
False
Is 7147051 a prime number?
False
Is 2337343 prime?
True
Is 298487069 a prime number?
True
Is 84923 a composite number?
True
Is 44760629 composite?
False
Is 72946597 a composite number?
True
Is 57153679 a composite number?
True
Is 1212973 prime?
True
Is 20268077 composite?
False
Is 14559635 prime?
False
Is 10200313 prime?
True
Is 5792781 a prime number?
False
Is 382530521 prime?
False
Is 1180352387 composite?
True
Is 18912973 prime?
False
Is 370939 a prime number?
False
Is 3885143 a prime number?
False
Is 2507699 a composite number?
True
Is 4108409 a composite number?
True
Is 4499266 a composite number?
True
Is 587913341 a prime number?
True
Is 610249 a composite number?
True
Is 141729221 a prime number?
False
Is 18506939 composite?
True
Is 16962371 a composite number?
False
Is 70836871 prime?
False
Is 6769407 composite?
True
Is 1156213 a composite number?
True
Is 34103 prime?
False
Is 5729987 composite?
False
Is 132021347 a composite number?
False
Is 116564131 a composite number?
False
Is 464586469 a composite number?
False
Is 5991218 a composite number?
True
Is 40613071 composite?
False
Is 26679241 composite?
True
Is 11915531 prime?
True
Is 80979271 a composite number?
True
Is 11086837 composite?
False
Is 544356871 prime?
True
Is 2966099 composite?
False
Is 10129441 a composite number?
True
Is 2260483 a composite number?
False
Is 6081253 a prime number?
False
Is 976553 a prime number?
True
Is 2100751583 composite?
True
Is 6737765 a composite number?
True
Is 11346959 a prime number?
False
Is 6701651 a composite number?
True
Is 11767303 a composite number?
False
Is 10026899 composite?
False
Is 6465241 prime?
False
Is 119069933 a prime number?
True
Is 9297031 a composite number?
True
Is 328955777 a composite number?
False
Is 48576563 a composite number?
True
Is 113213071 prime?
False
Is 3720503 prime?
False
Is 92838047 prime?
False
Is 132043367 a composite number?
False
Is 8449249 a prime number?
True
Is 31140011 a composite number?
True
Is 53975587 composite?
False
Is 24004933 prime?
False
Is 757697 composite?
True
Is 1411127 a prime number?
True
Is 150908333 composite?
False
Is 9548863 prime?
False
Is 16381513 a composite number?
False
Is 39298319 a composite number?
False
Is 4306697 a composite number?
True
Is 1325351 a prime number?
True
Is 636719 composite?
False
Is 2018981 a prime number?
True
Is 480034911 a prime number?
False
Is 2244937 a prime number?
True
Is 513593 a composite number?
False
Is 18419543 a composite number?
False
Is 5027207 a composite number?
True
Is 348166597 prime?
True
Is 2993981 a prime number?
True
Is 200777219 a prime number?
True
Is 1384177 a composite number?
True
Is 221004787 a composite number?
True
Is 1041242401 a composite number?
True
Is 78905339 a prime number?
False
Is 17740419 a prime number?
False
Is 7578485 a composite number?
True
Is 215117047 composite?
True
Is 36501293 a prime number?
True
Is 69683113 prime?
False
Is 3677329 prime?
True
Is 11656349 prime?
True
Is 5046449 composite?
False
Is 29709289 composite?
False
Is 1398463 a prime number?
False
Is 16880081 prime?
True
Is 13057969 a prime number?
False
Is 31691879 composite?
True
Is 36976133 composite?
False
Is 947239 a composite number?
False
Is 18525487 prime?
False
Is 27043217 a composite number?
False
Is 210391 prime?
True
Is 13763507 prime?
True
Is 179219545 a prime number?
False
Is 124417637 composite?
False
Is 89609831 a composite number?
True
Is 3254197 a composite number?
True
Is 2123993 prime?
False
Is 23474323 composite?
True
Is 49939153 composite?
True
Is 6466627 a composite number?
False
Is 29204509 a composite number?
False
Is 55941593 a prime number?
False
Is 611603 a prime number?
True
Is 124270667 composite?
True
Is 84811651 composite?
False
Is 1068857 a prime number?
True
Is 3006131 prime?
False
Is 13842755 prime?
False
Is 88049399 composite?
False
Is 2272663 a composite number?
True
Is 93542063 a composite number?
False
Is 1430503 prime?
True
Is 21097699 a prime number?
False
Is 2150947 composite?
False
Is 613118573 a prime number?
True
Is 160203653 composite?
False
Is 339979 a composite number?
True
Is 49339387 a prime number?
True
Is 35652763 a composite number?
False
Is 51983909 a prime number?
False
Is 4143077 prime?
True
Is 36933343 prime?
True
Is 50084381 a composite number?
True
Is 484456879 a composite number?
True
Is 7229741 a prime number?
True
Is 597343 a prime number?
False
Is 1551164993 prime?
False
Is 68378417 composite?
True
Is 2513299 composite?
True
Is 100627091 composite?
False
Is 9561103 a prime number?
True
Is 67126187 composite?
False
Is 77241713 a composite number?
True
Is 341686445 composite?
True
Is 22388791 a composite number?
False
Is 336451 a prime number?
False
Is 543386 a composite number?
True
Is 2108429 prime?
True
Is 10871677 composite?
False
Is 578541715 prime?
False
Is 39455347 a composite number?
True
Is 16195757 composite?
False
Is 58895263 a composite number?
True
Is 53668189 prime?
False
Is 28606745 a composite number?
True
Is 18649853 prime?
False
Is 1785419 a composite number?
False
Is 195019 prime?
False
Is 71677751 a prime number?
False
Is 18480269 a composite number?
False
Is 43826599 prime?
False
Is 383860457 prime?
False
Is 117843027 a composite number?
True
Is 61985363 prime?
False
Is 36341131 a composite number?
False
Is 92787671 a composite number?
False
Is 10330214 composite?
True
Is 8609533 a prime number?
True
Is 136204811 a prime number?
True
Is 631703 a composite number?
True
Is 66660931 a composite number?
True
Is 21599351 prime?
False
Is 6014207 a prime number?
False
Is 15908507 a composite number?
False
Is 2977069 prime?
True
Is 89437891 a prime number?
False
Is 2092579 a composite number?
True
Is 1325393 a composite number?
True
Is 2523109 a prime number?
False
Is 141841751 composite?
False
Is 70944161 a composite number?
False
Is 70023361 composite?
False
Is 51034681 a composite number?
False
Is 158195129 prime?
True
Is 32635865 composite?
True
Is 87391529 a composite number?
True
Is 130806967 composite?
False
Is 3782153 prime?
True
Is 375059 a prime number?
True
Is 6413983 a prime number?
True
Is 122392327 a prime number?
True
Is 3010933 composite?
True
Is 1138409 a prime number?
True
Is 39079 a prime number?
True
Is 17239687 a composite number?
True
Is 7265827 composite?
True
Is 2080079 a composite number?
True
Is 15269533 a composite number?
True
Is 2162387 a prime number?
True
Is 310371835 prime?
False
Is 14466743 a composite number?
True
Is 7631687 composite?
True
Is 2008837 composite?
True
Is 186381661 a prime number?
True
Is 233939 a composite number?
False
Is 50082523 a composite number?
True
Is 13949449 a prime number?
True
Is 4450471 a composite number?
True
Is 149791 prime?
True
Is 55955981 a prime number?
True
Is 157251527 composite?
True
Is 392444083 prime?
False
Is 22601059 prime?
False
Is 3746359 a composite number?
False
Is 38845591 a prime number?
False
Is 32728187 a prime number?
False
Is 123945343 a composite number?
False
Is 352783421 prime?
True
Is 114458653 prime?
True
Is 448933567 composite?
True
Is 77641 a composite number?
False
Is 112934753 a prime number?
False
Is 10581869 a prime number?
False
Is 3515783 a prime number?
True
Is 64471705 a prime number?
False
Is 62068621 composite?
False
Is 66417599 composite?
False
Is 341333 composite?
False
Is 55211227 composite?
False
Is 5568557 prime?
False
Is 966971 prime?
True
Is 19339819 prime?
True
I